t p(q) = -23*q**2 + 91*q + 557. Give p(9).
-487
Let u(z) = -z**2 + 447*z + 161203. Calculate u(-236).
15
Let t(m) = -332*m - 118831. Calculate t(-358).
25
Let b(w) = 31*w**2 + 3985*w - 1805. Give b(-129).
1
Let p(f) = -f**3 + 16*f**2 + 193*f + 1082. Determine p(-6).
716
Let u(v) = -181*v**2 + 9596*v - 126. Calculate u(53).
33
Let h(y) = -2*y**3 - 188*y**2 - 188*y - 151. Give h(-93).
35
Let g(t) = 714*t - 3703. Determine g(7).
1295
Let n(a) = -2*a**3 + 23*a**2 - 1197*a + 14639. Determine n(12).
131
Let h(w) = -5*w**3 - 38*w**2 + 4789*w + 33661. What is h(-7)?
-9
Let t(d) = -27*d**2 - 2133*d + 147. Determine t(-79).
147
Let y(x) = 676076*x - 2028253. Give y(3).
-25
Let g(d) = d**3 + 320*d**2 + 1873*d - 3443. Calculate g(-314).
11
Let p(i) = -12*i - 1064. Determine p(-3).
-1028
Let a(q) = 6824*q - 443411. What is a(65)?
149
Let f(l) = 2074*l - 89177. Determine f(43).
5
Let t(o) = 34628*o**2 + 34614*o - 14. Give t(-1).
0
Let c(g) = -423*g - 130695. Give c(-308).
-411
Let a(f) = 12*f**2 - 7007*f - 439078. What is a(641)?
7
Let o(c) = 2*c**2 + 52*c - 3459. Give o(-58).
253
Let y(r) = 12*r**3 + 1222*r**2 - 220*r + 585. Give y(-102).
2217
Let k(g) = g**3 - 124*g**2 + 595*g + 356. Determine k(119).
356
Let h(f) = f**3 + 9*f**2 + 38. Determine h(-6).
146
Let w(a) = -4852*a + 213494. What is w(44)?
6
Let d(p) = -p**2 + 107824*p - 1617163. Determine d(15).
-28
Let k(b) = b**3 - 21*b**2 - 64*b - 1737. Calculate k(26).
-21
Let g(j) = 159*j**2 - 1801*j - 1260. Determine g(12).
24
Let g(f) = 6351*f - 939265. Calculate g(148).
683
Let b(u) = 15*u**2 + 24*u - 88. Determine b(3).
119
Let t(f) = 220*f**2 - 35*f + 5. Determine t(2).
815
Let b(p) = 9*p**2 - 16119*p - 32243. Calculate b(-2).
31
Let v(d) = 6758*d + 100662. Determine v(-15).
-708
Let f(v) = 2*v**3 + 215*v**2 - 1856*v + 81. Give f(8).
17
Let a(s) = -s**2 - 2248*s + 82219. What is a(36)?
-5
Let z(t) = 426*t**2 - 3409*t - 18. Calculate z(8).
-26
Let n(t) = -37*t**2 + 3950*t + 20. Determine n(107).
-943
Let j(h) = 303*h + 6647. What is j(-24)?
-625
Let t(c) = -1086759*c - 57. Calculate t(0).
-57
Let c(u) = -2*u**3 - 326*u**2 - 695*u - 6359. Calculate c(-161).
1852
Let c(a) = -850*a - 3725. Determine c(-4).
-325
Let t(y) = -1902*y + 465537. Determine t(245).
-453
Let u(s) = s**3 - 18*s**2 + 230*s - 3149. Determine u(15).
-374
Let j(m) = 36850*m - 368498. Calculate j(10).
2
Let q(b) = -8577*b + 85785. Give q(10).
15
Let u(o) = 5*o**3 + 3*o**2 + 120*o + 115. Calculate u(-1).
-7
Let n(v) = -v**3 + 106*v**2 - 378*v - 127. Calculate n(4).
-7
Let y(t) = -t**2 - 3239*t + 9707869. Calculate y(1892).
17
Let f(i) = i**3 - 19*i**2 - 1648*i + 28628. Determine f(17).
34
Let f(i) = -i**2 - 20*i - 141. Give f(0).
-141
Let s(x) = 137*x**2 + 1120*x + 231. Calculate s(-8).
39
Let z(t) = -359*t + 36871. Give z(102).
253
Let d(r) = -r**3 - 314*r**2 + 1590*r - 4. Give d(5).
-29
Let b(f) = 22270*f + 133618. Give b(-6).
-2
Let r(d) = -70*d**2 + 827*d - 24. Calculate r(12).
-180
Let q(r) = -6*r**2 - 1016*r - 4330. Calculate q(-165).
-40
Let m(v) = -99*v + 10801. Give m(111).
-188
Let l(i) = 31*i**2 + 8854*i - 85847. Determine l(-295).
-2
Let p(h) = -219595*h - 1317322. Determine p(-6).
248
Let r(q) = 388*q + 340. Calculate r(-1).
-48
Let b(a) = -2*a**3 + 133*a**2 - 1173*a + 1826. What is b(2)?
-4
Let r(z) = -1186020*z + 25. Give r(0).
25
Let p(i) = 2720*i + 114192. Determine p(-42).
-48
Let i(t) = 2*t**3 + 14*t**2 - 28*t - 251. Determine i(-9).
-323
Let d(z) = 2700779*z - 78322590. Calculate d(29).
1
Let b(t) = 102150*t + 1021499. Give b(-10).
-1
Let z(r) = -103305*r - 619831. What is z(-6)?
-1
Let b(s) = -450*s + 90848. What is b(202)?
-52
Let i(r) = -2*r**3 + 699*r**2 + 374*r - 8381. What is i(350)?
19
Let s(c) = -c**3 - 16*c**2 + 10070*c + 180614. Give s(-18).
2
Let u(q) = q**3 - 208*q**2 - 5064*q + 928. Give u(230).
8
Let u(c) = -741*c - 138586. What is u(-187)?
-19
Let k(t) = -t**2 - 66597*t - 799005. What is k(-12)?
15
Let i(m) = -4509*m - 780261. Determine i(-173).
-204
Let s(t) = -276*t + 3225. What is s(8)?
1017
Let h(f) = 263*f - 3957. Calculate h(23).
2092
Let f(a) = -129*a**3 + 10*a**2 - 30*a + 19. Calculate f(2).
-1033
Let j(z) = -z**2 + 293109*z - 3810258. Give j(13).
-10
Let p(z) = z**2 - 240*z + 7215. Calculate p(28).
1279
Let x(z) = 30923*z - 31097. What is x(1)?
-174
Let k(r) = 37*r**3 + 302*r**2 + 85*r + 292. What is k(-8)?
-4
Let y(t) = 2*t**3 - 17*t**2 + 8*t + 88. What is y(9)?
241
Let v(o) = -3*o**2 + 8336*o + 167923. Calculate v(-20).
3
Let m(z) = z**3 + 2271*z**2 + 6855*z + 150. Give m(-3).
-3
Let w(g) = -3*g**3 + 9*g**2 - 242*g + 1901. Give w(8).
-995
Let x(c) = c**2 + 95*c - 130. What is x(-95)?
-130
Let k(a) = -17*a**3 + 126*a**2 - 65*a + 119. Calculate k(7).
7
Let a(j) = 17*j**2 - 2478*j - 631. Give a(146).
-47
Let a(g) = -149*g - 1377. Give a(-9).
-36
Let u(w) = -652*w - 54117. Give u(-83).
-1
Let u(d) = -3*d**3 - 720*d**2 + 737*d + 4502. Give u(-241).
1128
Let n(x) = -x**2 + 699*x + 93592. Determine n(-115).
-18
Let h(a) = a**3 + 12*a**2 - 151*a - 2059. Calculate h(-13).
-265
Let t(r) = -128*r**3 - 1025*r**2 - 34*r - 69. What is t(-8)?
139
Let z(o) = 303*o + 94. Determine z(-8).
-2330
Let l(m) = 28*m**2 - 3095*m + 42. Determine l(109).
-4645
Let c(x) = -14049*x - 716195. What is c(-51)?
304
Let z(a) = 2*a**3 - 392*a**2 - 425*a + 6298. What is z(197)?
191
Let o(p) = -6120*p + 39482. What is o(7)?
-3358
Let v(f) = -5837*f - 40869. Determine v(-7).
-10
Let u(m) = -2141*m + 4248. Determine u(2).
-34
Let z(i) = i**3 + 18*i**2 - 267*i + 560. Calculate z(-28).
196
Let g(k) = 58903*k - 530199. What is g(9)?
-72
Let q(x) = -x**3 + 430*x**2 + 3924*x - 1505482. Calculate q(431).
1
Let a(d) = -15*d**3 - 793*d**2 + 99*d - 42. Calculate a(-53).
329
Let j(q) = q**2 - 20794*q - 104012. Calculate j(-5).
-17
Let q(g) = 3*g**2 + 86*g - 650. Calculate q(10).
510
Let m(t) = -61*t**2 - 2831*t - 1595. What is m(-46)?
-445
Let u(r) = 14*r**2 + 332*r + 611. What is u(-27)?
1853
Let q(y) = 20*y**2 - 431*y - 715. Give q(23).
-48
Let s(m) = -2*m**3 - 115*m**2 + 4237*m + 324. What is s(-83)?
-8
Let q(m) = -m**2 - 77756*m + 6382714. Determine q(82).
-2
Let m(g) = -2208*g - 914. Determine m(0).
-914
Let z(u) = 1151*u - 29148. Give z(26).
778
Let j(s) = -5*s**2 - 4210*s + 55568. Give j(-855).
-7
Let s(t) = 3*t**3 - 33*t**2 - 6*t - 32. What is s(14)?
1648
Let j(r) = -594*r + 52892. What is j(89)?
26
Let t(v) = -127440*v + 382321. What is t(3)?
1
Let f(i) = 35*i + 2126. What is f(25)?
3001
Let h(j) = j**3 - 25*j**2 + 729*j - 5193. What is h(9)?
72
Let s(z) = -8*z**2 - 82*z + 2870. Calculate s(-26).
-406
Let n(y) = 41941*y + 84067. What is n(-2)?
185
Let a(b) = 15849*b + 47557. Determine a(-3).
10
Let s(h) = -4840*h - 10466. What is s(-2)?
-786
Let l(u) = -110896*u - 2661521. Determine l(-24).
-17
Let a(j) = -25*j**2 + 408*j - 94. Calculate a(13).
985
Let p(n) = -542*n + 7354. Give p(13).
308
Let z(i) = -i**3 + 51*i**2 - 371*i + 260. Give z(8).
44
Let u(j) = 5027*j + 1266737. What is u(-252)?
-67
Let l(s) = -4123*s**2 + 111322*s - 27. Determine l(27).
0
Let j(c) = -c**3 - 150*c**2 - 2132*c - 318. Calculate j(-134).
-1926
Let t(y) = -162*y + 1679. Calculate t(4).
1031
Let z(y) = -2*y**3 + 2*y**2 - 9*y + 37. What is z(5)?
-208
Let o(p) = -17*p**3 - 558*p**2 - 445*p - 37. What is o(-32)?
-133
Let g(j) = 5845*j - 169347. Calculate g(29).
158
Let y(d) = 6489*d + 655506. What is y(-101)?
117
Let n(a) = 1079*a - 104734. Give n(97).
-71
Let p(q) = -24*q**3 - 357*q**2 + 83*q + 946. Give p(-15).
376
Let h(g) = g**3 - 37*g**2 + 120*g - 69. Give h(33).
-465
Let h(g) = -3*g**2 + 42*g - 108. Give h(3).
-9
Let m(n) = n**3 - 88*n**2 + 1472*n - 371. What is m(22)?
69
Let o(m) = -m**3 - 3*m**2 + 93*m + 247. Calculate o(-10).
17
Let a(m) = m**3 - 14*m**2 + 61*m - 238. Determine a(10).
-28
Let h(n) = n**3 - 2*n**2 - 531*n - 111. Calculate h(-22).
-45
Let v(r) = -11*r**2 - 1128*r + 13499. Calculate v(12).
-1621
Let a(x) = 125*x - 27640. Calculate a(225).
485
Let h(x) = 87*x - 8702. Calculate h(114).
1216
Let y(n) = 8*n**3 + 487*n**2 - 3837*n + 2629. Give y(-68).
-23
Let a(f) = f**2 - 53*f - 41105. What is a(-178)?
13
Let a(u) = -9655*u + 2983393. What is a(309)?
-2
Let s(z) = -15461*z - 92740. What is s(-6)?
26
Let g(d) = 86718*d - 1127325. What is g